Is 98841055 a prime number?
False
Is 18996821 a composite number?
False
Is 253801787 a prime number?
True
Is 1474999 a composite number?
False
Is 35108455 a prime number?
False
Is 15506233 a composite number?
True
Is 49523 prime?
True
Is 21825257 prime?
False
Is 3080023 a composite number?
True
Is 101328277 a composite number?
False
Is 1137803 a composite number?
False
Is 7841945 a prime number?
False
Is 31029371 prime?
False
Is 2946799 composite?
False
Is 23515717 composite?
True
Is 4085891 a composite number?
False
Is 561763 a composite number?
True
Is 15409709 prime?
False
Is 590682247 composite?
False
Is 43084127 composite?
False
Is 2870351 composite?
True
Is 6171941 a composite number?
True
Is 4801099 a composite number?
False
Is 3722791 prime?
True
Is 47299079 composite?
True
Is 587081767 a composite number?
False
Is 28424087 composite?
True
Is 2648861 prime?
True
Is 475915915 prime?
False
Is 258201913 composite?
False
Is 190748021 composite?
False
Is 40536259 a prime number?
True
Is 993071 a prime number?
False
Is 62082017 composite?
True
Is 48830123 composite?
False
Is 11439887 prime?
True
Is 34987009 a composite number?
False
Is 56290771 composite?
False
Is 117324703 prime?
True
Is 5940887 prime?
False
Is 313224517 a prime number?
False
Is 34756433 prime?
True
Is 641888249 a composite number?
False
Is 16126742 prime?
False
Is 36669749 prime?
True
Is 18715561 a composite number?
True
Is 139190047 composite?
True
Is 14710651 composite?
True
Is 2237201 composite?
True
Is 6225589 prime?
False
Is 4420121 a composite number?
True
Is 6324043 a prime number?
False
Is 8403217 a prime number?
True
Is 4575241 a prime number?
False
Is 5021911 a composite number?
True
Is 592261 a prime number?
True
Is 291396389 a composite number?
True
Is 6596999 a composite number?
False
Is 9252059 a composite number?
True
Is 48723685 prime?
False
Is 8852173 a prime number?
False
Is 33503167 a composite number?
True
Is 3919633 composite?
True
Is 8506931 composite?
True
Is 225665339 a composite number?
False
Is 975493 composite?
False
Is 84761651 a composite number?
True
Is 4161943 composite?
False
Is 671729 a prime number?
True
Is 128136133 a prime number?
False
Is 305999 a prime number?
True
Is 6806893 a prime number?
True
Is 10334177 composite?
True
Is 305573519 a composite number?
False
Is 682249 composite?
True
Is 24113009 a composite number?
True
Is 33145267 a prime number?
True
Is 4802123 a composite number?
False
Is 32588267 composite?
False
Is 3692123 composite?
False
Is 3968617 composite?
False
Is 4121573 prime?
True
Is 3245659 a composite number?
False
Is 6561947 a prime number?
False
Is 79685797 prime?
True
Is 26890471 a composite number?
True
Is 8273801 composite?
False
Is 1806433 composite?
True
Is 67749347 a composite number?
False
Is 2071259 a prime number?
True
Is 2054917 a composite number?
False
Is 13457905 prime?
False
Is 218830181 a prime number?
False
Is 8143453 prime?
True
Is 1274291 composite?
False
Is 49988789 composite?
True
Is 516250459 prime?
False
Is 112307201 prime?
False
Is 3333083 prime?
False
Is 55106171 a prime number?
True
Is 2270923 a composite number?
True
Is 1259317 prime?
True
Is 37450723 a prime number?
True
Is 135419 a prime number?
False
Is 19962317 prime?
True
Is 426027301 prime?
False
Is 15892813 prime?
False
Is 864203 prime?
True
Is 472087631 a composite number?
True
Is 5278451 a composite number?
False
Is 12952921 a prime number?
True
Is 7760369 a prime number?
False
Is 24373786 prime?
False
Is 7132751 prime?
True
Is 758983 a composite number?
True
Is 14493317 a composite number?
False
Is 26404639 a composite number?
False
Is 44618221 a prime number?
True
Is 1722829 a composite number?
False
Is 598639673 prime?
True
Is 1382327 a prime number?
True
Is 4103678 a composite number?
True
Is 11213641 a composite number?
True
Is 14843485 prime?
False
Is 1015051 composite?
False
Is 23815973 composite?
False
Is 805129231 a prime number?
False
Is 1463957 prime?
False
Is 386464721 prime?
False
Is 86485027 composite?
True
Is 14114749 a prime number?
False
Is 57020927 a composite number?
True
Is 606677 a prime number?
False
Is 812341 a composite number?
False
Is 588067 prime?
False
Is 10786411 composite?
False
Is 219087599 composite?
False
Is 213273451 a prime number?
False
Is 1425367 composite?
False
Is 1138637 a composite number?
False
Is 17010361 composite?
False
Is 13493807 composite?
False
Is 122342861 a prime number?
True
Is 212777 a composite number?
False
Is 80464921 composite?
False
Is 15953699 prime?
False
Is 41796509 a prime number?
True
Is 27284951 composite?
False
Is 40297273 a prime number?
False
Is 1381609 composite?
False
Is 434831 prime?
True
Is 31411649 composite?
True
Is 4388171 prime?
True
Is 2314909 a prime number?
True
Is 1219873 composite?
True
Is 6517318 prime?
False
Is 365051 composite?
True
Is 895457 a prime number?
True
Is 5939903 composite?
False
Is 43751 prime?
False
Is 30592403 prime?
True
Is 89364569 prime?
False
Is 118540979 composite?
True
Is 2999161 prime?
False
Is 3736693 a prime number?
False
Is 4383583 prime?
False
Is 6763147 prime?
True
Is 514909573 a composite number?
True
Is 21210949 a prime number?
True
Is 8659691 a prime number?
True
Is 6109031 a composite number?
False
Is 66260663 composite?
True
Is 11913185 a composite number?
True
Is 77274623 a prime number?
True
Is 105013861 a prime number?
True
Is 65920249 a composite number?
False
Is 2529953 prime?
True
Is 1856831 composite?
True
Is 1689829 a composite number?
False
Is 105124589 a prime number?
False
Is 224527349 composite?
False
Is 93431263 prime?
False
Is 216232859 composite?
False
Is 4999471 composite?
True
Is 50810557 prime?
False
Is 4542389 composite?
False
Is 29209429 a composite number?
False
Is 1588046 a composite number?
True
Is 18224161 a prime number?
True
Is 486753433 a composite number?
False
Is 15452119 a prime number?
True
Is 5009501 composite?
True
Is 1072499 a prime number?
False
Is 73329365 prime?
False
Is 41342771 composite?
False
Is 55145731 a prime number?
False
Is 8358743 prime?
False
Is 24846917 prime?
True
Is 62683 prime?
True
Is 143446001 prime?
True
Is 560285819 prime?
False
Is 50448157 a prime number?
True
Is 61190651 composite?
False
Is 349309531 composite?
False
Is 962059 a prime number?
False
Is 2445557 a composite number?
False
Is 7600973 composite?
False
Is 597691 a prime number?
False
Is 3354031 a composite number?
False
Is 1218251 a composite number?
False
Is 29721661 prime?
False
Is 93534473 a prime number?
False
Is 126984703 a prime number?
False
Is 23866757 a composite number?
False
Is 1608391 a composite number?
True
Is 33052659 composite?
True
Is 1074841 a composite number?
True
Is 40437403 prime?
True
Is 140675203 prime?
True
Is 3872459 a composite number?
False
Is 54896477 a composite number?
False
Is 3208601 prime?
False
Is 456781111 a composite number?
True
Is 8193173 prime?
True
Is 1002481 a prime number?
True
Is 4316701 composite?
True
Is 4069073 a prime number?
True
Is 387227 a prime number?
True
Is 465814 prime?
False
Is 97281797 composite?
True
Is 58595071 a composite number?
True
Is 1345261 a prime number?
False
Is 12624713 composite?
False
Is 17486921 a prime number?
True
Is 1767599 composite?
True
Is 574666 composite?
True
Is 24878443 prime?
False
Is 10443697 composite?
True
Is 29321143 prime?
False
Is 1593743 a composite number?
False
Is 508279 a prime number?
False
Is 21871 a prime number?
True
Is 52279427 composite?
False
Is 357191 composite?
True
Is 28025659 a prime number?
True
Is 1445245 composite?
True
Is 43306049 a prime number?
True
Is 4879097527 a prime number?
True
Is 2741201 a prime number?
True
Is 7246381 a prime number?
False
Is 1729859 composite?
True
Is 421973 a composite number?
False
Is 115479577 a prime number?
True
Is 11740429 a prime number?
True
Is 10997141 a prime number?
False
Is 10921569 a prime number?
False
Is 47101949 a prime number?
True
Is 32720887 composite?
False
Is 2902343 composite?
True
Is 2338087 a composite number?
True
Is 83353727 prime?
True
Is 6612653 a composite number?
False
Is 4682761 a composite number?
True
Is 1638157 a composite number?
True
Is 10125839 prime?
False
Is 117225709 composite?
False
Is 4818887 a prime number?
True
Is 2026